[INFO] cloning repository https://github.com/nathanfaucett/rs-vector
[INFO] running `Command { std: "git" "-c" "credential.helper=" "-c" "credential.helper=/workspace/cargo-home/bin/git-credential-null" "clone" "--bare" "https://github.com/nathanfaucett/rs-vector" "/workspace/cache/git-repos/https%3A%2F%2Fgithub.com%2Fnathanfaucett%2Frs-vector", kill_on_drop: false }`
[INFO] [stderr] Cloning into bare repository '/workspace/cache/git-repos/https%3A%2F%2Fgithub.com%2Fnathanfaucett%2Frs-vector'...
[INFO] running `Command { std: "git" "rev-parse" "HEAD", kill_on_drop: false }`
[INFO] [stdout] b5fb18b5547a6d58f314a1e86c6ab1ae355e2d73
[INFO] checking nathanfaucett/rs-vector against try#72f88fc4e9458f89516a0b8b0868f3718aec5b47 for pr-74989
[INFO] running `Command { std: "git" "clone" "/workspace/cache/git-repos/https%3A%2F%2Fgithub.com%2Fnathanfaucett%2Frs-vector" "/workspace/builds/worker-4/source", kill_on_drop: false }`
[INFO] [stderr] Cloning into '/workspace/builds/worker-4/source'...
[INFO] [stderr] done.
[INFO] validating manifest of git repo https://github.com/nathanfaucett/rs-vector on toolchain 72f88fc4e9458f89516a0b8b0868f3718aec5b47
[INFO] running `Command { std: "/workspace/cargo-home/bin/cargo" "+72f88fc4e9458f89516a0b8b0868f3718aec5b47" "read-manifest" "--manifest-path" "Cargo.toml", kill_on_drop: false }`
[INFO] started tweaking git repo https://github.com/nathanfaucett/rs-vector
[INFO] finished tweaking git repo https://github.com/nathanfaucett/rs-vector
[INFO] tweaked toml for git repo https://github.com/nathanfaucett/rs-vector written to /workspace/builds/worker-4/source/Cargo.toml
[INFO] crate git repo https://github.com/nathanfaucett/rs-vector already has a lockfile, it will not be regenerated
[INFO] running `Command { std: "/workspace/cargo-home/bin/cargo" "+72f88fc4e9458f89516a0b8b0868f3718aec5b47" "fetch" "--locked" "--manifest-path" "Cargo.toml", kill_on_drop: false }`
[INFO] [stderr]     Updating git repository `https://github.com/nathanfaucett/rs-collection_traits`
[INFO] [stderr]     Updating git repository `https://github.com/nathanfaucett/rs-zero`
[INFO] running `Command { std: "docker" "create" "-v" "/var/lib/crater-agent-workspace/builds/worker-4/target:/opt/rustwide/target:rw,Z" "-v" "/var/lib/crater-agent-workspace/builds/worker-4/source:/opt/rustwide/workdir:ro,Z" "-v" "/var/lib/crater-agent-workspace/cargo-home:/opt/rustwide/cargo-home:ro,Z" "-v" "/var/lib/crater-agent-workspace/rustup-home:/opt/rustwide/rustup-home:ro,Z" "-e" "SOURCE_DIR=/opt/rustwide/workdir" "-e" "CARGO_TARGET_DIR=/opt/rustwide/target" "-e" "CARGO_HOME=/opt/rustwide/cargo-home" "-e" "RUSTUP_HOME=/opt/rustwide/rustup-home" "-w" "/opt/rustwide/workdir" "-m" "1610612736" "--user" "0:0" "--network" "none" "rustops/crates-build-env@sha256:d92eaeed33fa75130ca1ee6c8a01d1ffb62bac859dfdfb3450e3e5d1c0146529" "/opt/rustwide/cargo-home/bin/cargo" "+72f88fc4e9458f89516a0b8b0868f3718aec5b47" "metadata" "--no-deps" "--format-version=1", kill_on_drop: false }`
[INFO] [stdout] 6e5d6dfb8d438bfc47a18062bf4e82248c8895db9f8c296c65cd720011abb33d
[INFO] [stderr] WARNING: Your kernel does not support swap limit capabilities or the cgroup is not mounted. Memory limited without swap.
[INFO] running `Command { std: "docker" "start" "-a" "6e5d6dfb8d438bfc47a18062bf4e82248c8895db9f8c296c65cd720011abb33d", kill_on_drop: false }`
[INFO] running `Command { std: "docker" "inspect" "6e5d6dfb8d438bfc47a18062bf4e82248c8895db9f8c296c65cd720011abb33d", kill_on_drop: false }`
[INFO] running `Command { std: "docker" "rm" "-f" "6e5d6dfb8d438bfc47a18062bf4e82248c8895db9f8c296c65cd720011abb33d", kill_on_drop: false }`
[INFO] [stdout] 6e5d6dfb8d438bfc47a18062bf4e82248c8895db9f8c296c65cd720011abb33d
[INFO] running `Command { std: "docker" "create" "-v" "/var/lib/crater-agent-workspace/builds/worker-4/target:/opt/rustwide/target:rw,Z" "-v" "/var/lib/crater-agent-workspace/builds/worker-4/source:/opt/rustwide/workdir:ro,Z" "-v" "/var/lib/crater-agent-workspace/cargo-home:/opt/rustwide/cargo-home:ro,Z" "-v" "/var/lib/crater-agent-workspace/rustup-home:/opt/rustwide/rustup-home:ro,Z" "-e" "SOURCE_DIR=/opt/rustwide/workdir" "-e" "CARGO_TARGET_DIR=/opt/rustwide/target" "-e" "CARGO_INCREMENTAL=0" "-e" "RUST_BACKTRACE=full" "-e" "RUSTFLAGS=--cap-lints=forbid" "-e" "CARGO_HOME=/opt/rustwide/cargo-home" "-e" "RUSTUP_HOME=/opt/rustwide/rustup-home" "-w" "/opt/rustwide/workdir" "-m" "1610612736" "--user" "0:0" "--network" "none" "rustops/crates-build-env@sha256:d92eaeed33fa75130ca1ee6c8a01d1ffb62bac859dfdfb3450e3e5d1c0146529" "/opt/rustwide/cargo-home/bin/cargo" "+72f88fc4e9458f89516a0b8b0868f3718aec5b47" "check" "--frozen" "--all" "--all-targets" "--message-format=json", kill_on_drop: false }`
[INFO] [stdout] d3f1724ce2d290ea9387d38b87dc02e9aacf7930e20425a07980a1f3b159002c
[INFO] [stderr] WARNING: Your kernel does not support swap limit capabilities or the cgroup is not mounted. Memory limited without swap.
[INFO] running `Command { std: "docker" "start" "-a" "d3f1724ce2d290ea9387d38b87dc02e9aacf7930e20425a07980a1f3b159002c", kill_on_drop: false }`
[INFO] [stderr]     Checking collection_traits v0.1.0 (https://github.com/nathanfaucett/rs-collection_traits#a75d1c20)
[INFO] [stderr]     Checking zero v0.1.0 (https://github.com/nathanfaucett/rs-zero#414beceb)
[INFO] [stdout] error[E0557]: feature has been removed
[INFO] [stdout]  --> /opt/rustwide/cargo-home/git/checkouts/rs-collection_traits-dca7cc2c0ed7a0a9/a75d1c2/src/lib.rs:2:12
[INFO] [stdout]   |
[INFO] [stdout] 2 | #![feature(custom_attribute)]
[INFO] [stdout]   |            ^^^^^^^^^^^^^^^^ feature has been removed
[INFO] [stdout]   |
[INFO] [stdout]   = note: removed in favor of `#![register_tool]` and `#![register_attr]`
[INFO] [stdout] 
[INFO] [stdout] 
[INFO] [stdout] error[E0432]: unresolved imports `alloc::linked_list`, `alloc::linked_list`
[INFO] [stdout]  --> /opt/rustwide/cargo-home/git/checkouts/rs-collection_traits-dca7cc2c0ed7a0a9/a75d1c2/src/linked_list.rs:1:12
[INFO] [stdout]   |
[INFO] [stdout] 1 | use alloc::linked_list::{self, LinkedList};
[INFO] [stdout]   |            ^^^^^^^^^^^   ^^^^ no `linked_list` in the root
[INFO] [stdout]   |            |
[INFO] [stdout]   |            could not find `linked_list` in `alloc`
[INFO] [stdout] 
[INFO] [stdout] 
[INFO] [stdout] error[E0412]: cannot find type `Iter` in module `linked_list`
[INFO] [stdout]   --> /opt/rustwide/cargo-home/git/checkouts/rs-collection_traits-dca7cc2c0ed7a0a9/a75d1c2/src/linked_list.rs:75:30
[INFO] [stdout]    |
[INFO] [stdout] 75 |     type Iter = linked_list::Iter<'a, T>;
[INFO] [stdout]    |                              ^^^^ not found in `linked_list`
[INFO] [stdout]    |
[INFO] [stdout] help: consider importing one of these items
[INFO] [stdout]    |
[INFO] [stdout] 1  | use alloc::collections::binary_heap::Iter;
[INFO] [stdout]    |
[INFO] [stdout] 1  | use alloc::collections::btree_map::Iter;
[INFO] [stdout]    |
[INFO] [stdout] 1  | use alloc::collections::btree_set::Iter;
[INFO] [stdout]    |
[INFO] [stdout] 1  | use alloc::collections::linked_list::Iter;
[INFO] [stdout]    |
[INFO] [stdout]      and 4 other candidates
[INFO] [stdout] 
[INFO] [stdout] 
[INFO] [stdout] error[E0412]: cannot find type `IterMut` in module `linked_list`
[INFO] [stdout]   --> /opt/rustwide/cargo-home/git/checkouts/rs-collection_traits-dca7cc2c0ed7a0a9/a75d1c2/src/linked_list.rs:84:33
[INFO] [stdout]    |
[INFO] [stdout] 84 |     type IterMut = linked_list::IterMut<'a, T>;
[INFO] [stdout]    |                                 ^^^^^^^ not found in `linked_list`
[INFO] [stdout]    |
[INFO] [stdout] help: consider importing one of these items
[INFO] [stdout]    |
[INFO] [stdout] 1  | use alloc::collections::btree_map::IterMut;
[INFO] [stdout]    |
[INFO] [stdout] 1  | use alloc::collections::linked_list::IterMut;
[INFO] [stdout]    |
[INFO] [stdout] 1  | use alloc::collections::vec_deque::IterMut;
[INFO] [stdout]    |
[INFO] [stdout] 1  | use alloc::slice::IterMut;
[INFO] [stdout]    |
[INFO] [stdout]      and 2 other candidates
[INFO] [stdout] 
[INFO] [stdout] 
[INFO] [stdout] error: aborting due to 4 previous errors
[INFO] [stdout] 
[INFO] [stdout] 
[INFO] [stdout] Some errors have detailed explanations: E0412, E0432, E0557.
[INFO] [stdout] 
[INFO] [stdout] For more information about an error, try `rustc --explain E0412`.
[INFO] [stdout] 
[INFO] [stderr] error: could not compile `collection_traits`.
[INFO] [stderr] 
[INFO] [stderr] To learn more, run the command again with --verbose.
[INFO] running `Command { std: "docker" "inspect" "d3f1724ce2d290ea9387d38b87dc02e9aacf7930e20425a07980a1f3b159002c", kill_on_drop: false }`
[INFO] running `Command { std: "docker" "rm" "-f" "d3f1724ce2d290ea9387d38b87dc02e9aacf7930e20425a07980a1f3b159002c", kill_on_drop: false }`
[INFO] [stdout] d3f1724ce2d290ea9387d38b87dc02e9aacf7930e20425a07980a1f3b159002c
